rime factors of (-52)/(-286) + (-2440)/(-11) + -1?
13, 17
Suppose 33*k = 39*k + 282. Let g = 1 - 0. What are the prime factors of (-1 + g - 1)*k?
47
Let z be 18 + (-7)/14*4/2. Let l = z + -11. What are the prime factors of l?
2, 3
Suppose 2*v = -4, 0 = 2*t - 27*v + 23*v - 1442. What are the prime factors of t?
3, 239
Let t(b) be the second derivative of b**4/4 - b**3/2 - 7*b**2/2 - 6*b. Suppose -6*s - 3 = -5*s. List the prime factors of t(s).
29
Let b(k) = k**2 - 7*k - 4. Let u be b(7). List the prime factors of (118 + -4 - u)/(4/2).
59
Let x(s) = s + 5. Let w be x(-3). Let g(f) = -6 + 0*f - 2*f + 0 + w*f**2. What are the prime factors of g(5)?
2, 17
Let n be -57*(-3)/(36/8). Suppose 22 = j - n. Suppose -18 = -3*b + j. List the prime factors of b.
2, 13
Suppose 2*t + 6 = -4*i + 24, -3 = -2*i + 5*t. Suppose -5*p + i*h + 17 = 4, 3*p + 4*h = 27. Let j(c) = 5*c + 8. What are the prime factors of j(p)?
3, 11
Suppose 1 - 2 = y, -o - y - 27 = 0. Let k be 58/18 + o/117. Suppose 3*f + 4*s = 74, 2*f + s + k*s - 44 = 0. What are the prime factors of f?
2, 3, 5
Let a(r) = 18*r + 35. Let l be a(-6). Let k = -40 - l. List the prime factors of k.
3, 11
Let y(u) = -9*u - 3. Let p be y(-2). Let z(j) = -j + 37. List the prime factors of z(p).
2, 11
Let h(a) = a**2 - 5*a. Let m be h(3). Let q(n) = -10*n + 4. Let s(d) = d. Let t(x) = m*s(x) - q(x). What are the prime factors of t(7)?
2, 3
Suppose d + 0*d - 45 = 0. Suppose d + 11 = -2*c. List the prime factors of (-8)/c + (-1005)/(-35).
29
Let h = -14 - -4. List the prime factors of h/(-15) - (-516)/9.
2, 29
Let d(a) = 5*a**3 - 3*a**2 + 2*a + 1. Let k be d(2). Let w = -32 + k. What are the prime factors of (w/(-2))/((-7)/434)?
31
Let z be (56/6)/(2/60). Let j = -155 + z. Suppose 5*g + 2*m = 208, -4*g - m + j = -g. List the prime factors of g.
2, 3, 7
Suppose 4*t + k = 14, 4*t = 8*k - 4*k + 4. Suppose 2*j = -3*f + t - 23, 3*j = -f - 9. Let g(b) = b**2 + b + 4. What are the prime factors of g(f)?
2, 17
Suppose 0 = -3*h + 2*h, 5*s + 3*h + 935 = 0. Let w = 58 - s. List the prime factors of w.
5, 7
Let s(l) = 5 + 5*l - 5*l + 2*l**2 + 4*l + 2*l. Let x be s(-3). Suppose 42 = 5*d + 3*f, f - 16 = -x*d + 3*d. List the prime factors of d.
2, 3
Let m(d) be the first derivative of -d**3/3 - 4*d**2 - 4. Let b be m(-8). List the prime factors of 12 - (b + 1)*2.
2, 5
Let o = -56 + 36. Let a = 23 + o. What are the prime factors of (-16)/12*a + 28?
2, 3
Suppose 0 = 29*y - 8*y - 14028. List the prime factors of y.
2, 167
Suppose -2*s + 6 = 2*r + 30, 0 = s - 5*r + 24. Let j = s - -18. Suppose 0 = -5*q + 3*l + 26, -j*l = -6*l + 6. What are the prime factors of q?
7
Let b be ((-5)/10)/(1/(-2)). Let m be -38 + -2 - (b + 0). Let n = m + 79. What are the prime factors of n?
2, 19
Suppose -3*v = -601 - 494. List the prime factors of v.
5, 73
What are the prime factors of -1725*(-8)/60*5?
2, 5, 23
Let i(h) = 4*h - 2. Let w be i(1). Suppose -w*z = 4*k - 216, -4*z + 304 = -z + k. Suppose 7*l = 3*l + z. What are the prime factors of l?
5
Let r(h) = -20*h**3 - 4*h + 2. What are the prime factors of r(-3)?
2, 277
Suppose 0 = 4*i - x - 24 + 8, 4*x = -2*i + 26. What are the prime factors of ((-4)/12)/(i/(-405))?
3
Suppose 0 = -8*k + 4502 + 12898. What are the prime factors of k?
3, 5, 29
Suppose 495*s - 504*s + 19818 = 0. What are the prime factors of s?
2, 3, 367
Let x(c) be the first derivative of 1 - c + 1/2*c**2. What are the prime factors of x(7)?
2, 3
Let k(w) = w**2 + 7*w + 134. Suppose 3*o - 4 = -t - 1, o - 1 = -5*t. What are the prime factors of k(t)?
2, 67
Let q be 0/((-4)/10*(-5)/2). List the prime factors of -3*308/(-12) - q.
7, 11
Suppose 5312 = 4*u + 676. What are the prime factors of u?
19, 61
Let j(q) = 34*q**2 + 4*q + 6. Let i be j(-3). Suppose 0 = -2*m - 4*b + 228, 4*m - b = 192 + i. List the prime factors of m.
2, 61
Let b = 348 - 648. Let x = -139 - b. List the prime factors of x.
7, 23
Suppose -8*b + 3672 = 648. What are the prime factors of b?
2, 3, 7
Let x(c) = 44*c - 235. List the prime factors of x(9).
7, 23
Let u = 10 - 4. Let t(s) = 17*s**2 - 9*s + 3*s**3 + 9 - 4*s**2 - 4*s**3 - 5*s**2. List the prime factors of t(u).
3
Let v be (-3)/(-6) - 30/(-4). Let o be (-9 + 0)*v/(-24). Suppose 46 = o*d - 4*u, -d + 6 = 4*u - 4. List the prime factors of d.
2, 7
Let m(p) = -2*p**2 + 29*p - 18. Let b be m(12). Let h = b + -5. What are the prime factors of h?
37
Suppose -22*k = -20*k - 6400. List the prime factors of k.
2, 5
Suppose -4*x + 9*x = 530. Let q = x + -29. What are the prime factors of q?
7, 11
Suppose -5*o + 1066 = 4*a - 584, -a - 321 = -o. What are the prime factors of o?
2, 163
Suppose 419 = 3*z + 68. Let v = 255 - z. Suppose -11*p + v = -5*p. List the prime factors of p.
23
Let k(u) = -u + 6*u - u - 10 - 2*u. Let f(i) = i**2 + 4*i - 5. Let c be f(-6). List the prime factors of k(c).
2
Suppose 0 = -23*y + 7*y + 64. Suppose -6*g + g + 15 = 0. Suppose y*h + 3*l - 30 = -h, -4*h - g*l = -21. What are the prime factors of h?
3
List the prime factors of (-170638)/(-338) - 4/(-26).
5, 101
Let o(t) = 2*t - 3. Let v(d) = d**3 + d - 3. Let l be v(-3). Let c be l/(-7) + 2/7. What are the prime factors of o(c)?
7
Suppose 0 = 4*r + 5*j - 14 + 39, 0 = 4*r - 3*j - 15. Suppose 10*f = 4*m + 5*f - 90, r = -2*m - 2*f + 36. List the prime factors of m.
2, 5
Suppose 0 = -5*u - 4*r + 8357, -5*u + 4*r = 9*r - 8360. List the prime factors of u.
1669
Let z(q) = -q**2 + 6*q - 5. Let v be z(3). Let b = v + 74. Suppose -o - 22 = -b. List the prime factors of o.
2, 7
Suppose -2*r - 2*r + 20 = 0. Suppose 1 = -r*v + 21. Let w(j) = 5*j + 5. List the prime factors of w(v).
5
Suppose 2*u + 33 = 103. Let i = 37 - u. List the prime factors of i.
2
Suppose 0*v = -4*v. Let s(m) = -3*m + 24. Let x be s(v). Let f = -12 + x. What are the prime factors of f?
2, 3
Let g = 40 - 35. Suppose 408 = g*j + 168. List the prime factors of j.
2, 3
Let o(j) = 255*j**2 + j - 1. Let u be o(1). Let f = u + -158. List the prime factors of f.
97
What are the prime factors of 0/(-2) - (-7695)/9?
3, 5, 19
Suppose -4*b + 0*b + 2*w + 3594 = 0, 2*b = -4*w + 1772. List the prime factors of -2 + 32/18 - b/(-63).
2, 7
Suppose 0*d - 2*d - 44 = 0. Let p = 11 - d. Suppose -4*j + 212 = 4*z, p = -j + 2*z + 92. List the prime factors of j.
5, 11
Suppose -72 - 24 = 8*f. What are the prime factors of (2/f*-9)/((-3)/(-178))?
89
Let f(c) = -c**2 + 6*c - 5. Let j be f(4). Suppose -76 - 95 = -j*o. Let g = o + -33. What are the prime factors of g?
2, 3
Suppose -5*g - 5*f + 3073 = -632, g - 729 = 3*f. What are the prime factors of g?
2, 3, 41
Let h be ((-13)/3)/(2/30). Let t = 150 + h. What are the prime factors of t?
5, 17
List the prime factors of 81 - 84 - (2 - 1078/2).
2, 3, 89
Suppose 3*x - 2 = 2*x. Suppose 4*u - 234 = -x*o, 5*o - 66 - 39 = -2*u. List the prime factors of u.
2, 3, 5
What are the prime factors of 2*614/4 - (24 - 22)?
5, 61
Suppose -2*o + 485 = -5*o - 5*c, -4*o - 664 = -2*c. Let p = 293 + o. What are the prime factors of p?
2
Let j be (-4)/(-6)*-1*-21. Let y = 18 - j. Suppose -y*o + 3*o + 3 = 0. List the prime factors of o.
3
Let g = -1 + 6. Let d(i) = -i**3 + 5*i**2 + 293*i + 4 - 293*i. List the prime factors of d(g).
2
Let c(z) = -z**2 - 5. Let q be c(3). List the prime factors of (-904)/q + 6/14.
5, 13
Suppose 15 = -3*j, 0 = -5*a + 2*j - j + 25. Suppose -7*x + a*x = -171. What are the prime factors of x?
3, 19
Suppose 15 = 2*v + 5. Let n(z) = 8*z + v + 1 + z - 8*z. What are the prime factors of n(-4)?
2
List the prime factors of (-2)/((-852)/848 - -1).
2, 53
Suppose 4*o - d = 0, 2*o - 4*d + 3*d = 0. Suppose -4*q + 7 + 1 = o. Suppose q*k = 5*j + 105, -3*k + 160 - 25 = -3*j. List the prime factors of k.
2, 5
Suppose 0 = -22*g + 17*g + 970. Let q = -30 + g. List the prime factors of q.
2, 41
Let n(v) be the third derivative of 14/3*v**3 + 0*v**4 + 1/120*v**6 + 1/60*v**5 + 0*v + 4*v**2 + 0. List the prime factors of n(0).
2, 7
Let u(x) = -x**2 - 7*x + 6. Let h(j) = -j**2 + j - 3. Let w be h(2). Let n be u(w). What are the prime factors of (n/4 - 2) + 0?
2
Let w(f) = f**2 - 8*f + 10. Let l be w(-9). Let h = l - 50. Suppose -4*u = -z - h, -4*u + 84 = -2*z - 34. What are the prime factors of u?
3
Suppose -3*d - u - 2*u - 117 = 0, -4*d - u - 147 = 0. Let b = 62 - d. What are the 